ommon divisor of 2112 and 157606944?
1056
What is the highest common divisor of 62822512 and 1900?
76
What is the greatest common divisor of 3643648 and 13760?
2752
What is the greatest common factor of 17227837 and 239?
239
What is the greatest common divisor of 268674 and 1754?
2
Calculate the highest common factor of 2376 and 795042.
54
What is the highest common divisor of 2536 and 3470833?
317
What is the highest common divisor of 22 and 192320491?
11
Calculate the highest common factor of 740 and 213245.
5
Calculate the greatest common factor of 3739354 and 3027.
1009
What is the greatest common factor of 37 and 27040451?
37
What is the greatest common factor of 231 and 91099239?
231
What is the greatest common divisor of 47440660 and 40?
20
Calculate the greatest common factor of 5030 and 249827525.
2515
Calculate the highest common factor of 187 and 97597.
17
Calculate the greatest common divisor of 24 and 1804123452.
12
What is the highest common divisor of 3468754 and 152?
38
Calculate the highest common factor of 566618 and 10881.
403
What is the greatest common divisor of 266424 and 4182?
102
What is the greatest common factor of 200923038 and 54?
54
What is the greatest common factor of 1604097 and 3651076?
5401
Calculate the highest common factor of 753048 and 216.
72
Calculate the highest common divisor of 318285 and 185.
5
Calculate the highest common divisor of 22824 and 137112.
24
What is the highest common divisor of 5513 and 792084?
149
Calculate the greatest common factor of 4 and 17750914.
2
What is the greatest common factor of 826675095 and 4470?
2235
Calculate the highest common divisor of 98 and 92039626.
14
Calculate the highest common divisor of 1421 and 185600.
29
Calculate the highest common divisor of 1010 and 54749676.
202
Calculate the highest common divisor of 3537005 and 9958.
383
What is the greatest common divisor of 3384 and 179526276?
1692
Calculate the greatest common factor of 1 and 10995320.
1
Calculate the highest common factor of 507537 and 271.
1
What is the greatest common factor of 1888 and 186511744?
1888
What is the greatest common divisor of 278632 and 465508?
116
Calculate the greatest common factor of 18067685 and 425.
85
Calculate the highest common divisor of 1050492 and 192.
12
What is the highest common divisor of 1344604 and 48?
4
Calculate the greatest common factor of 100 and 38536540.
20
What is the highest common divisor of 8163 and 56635801?
907
What is the greatest common divisor of 101738911 and 61?
61
What is the highest common divisor of 99127632 and 432?
48
Calculate the greatest common factor of 47565 and 13741.
1057
Calculate the greatest common divisor of 248713 and 13335921.
3503
Calculate the greatest common divisor of 1476299 and 1684771.
1133
Calculate the greatest common factor of 8179731 and 1701.
189
Calculate the highest common divisor of 2597 and 42608237.
371
What is the greatest common divisor of 100 and 22183860?
20
Calculate the highest common factor of 10374 and 306641.
19
Calculate the greatest common factor of 2113587 and 1953.
63
Calculate the highest common divisor of 264 and 1186728.
24
Calculate the highest common divisor of 470857517 and 221.
221
Calculate the greatest common factor of 5341 and 149019241.
5341
What is the highest common factor of 109 and 224744157?
109
What is the highest common factor of 173089 and 127391?
313
What is the highest common factor of 35829 and 39636?
27
What is the greatest common factor of 72009 and 40680513?
1143
What is the highest common factor of 37 and 391733467?
37
Calculate the highest common factor of 9089 and 2103582.
149
Calculate the greatest common factor of 1969099 and 41811.
1991
Calculate the highest common factor of 174730 and 28026.
346
What is the greatest common divisor of 57 and 124013361?
57
Calculate the highest common divisor of 374 and 113031028.
374
Calculate the highest common factor of 2577840 and 780.
60
What is the greatest common divisor of 3279144 and 792?
264
Calculate the greatest common divisor of 3638 and 1065203.
17
Calculate the highest common divisor of 1239244559 and 203.
203
What is the highest common factor of 292417708 and 44?
44
Calculate the greatest common factor of 539787494 and 2273.
2273
Calculate the greatest common divisor of 949420 and 2673772.
5132
Calculate the highest common divisor of 27 and 7696602.
9
What is the highest common divisor of 3242521 and 8493?
19
Calculate the greatest common divisor of 1373679 and 1944.
243
What is the highest common factor of 33525 and 207925775?
3725
Calculate the highest common divisor of 104 and 32529016.
104
What is the greatest common factor of 36064963 and 106?
53
Calculate the highest common factor of 15300302 and 4.
2
What is the highest common divisor of 280379356 and 916?
916
What is the highest common factor of 93242 and 21252?
46
What is the greatest common divisor of 98 and 22197?
49
Calculate the highest common factor of 671 and 82654.
11
Calculate the greatest common divisor of 56 and 104898122.
14
Calculate the highest common divisor of 54563215 and 40.
5
Calculate the greatest common divisor of 2215790948 and 28.
28
Calculate the greatest common factor of 10835 and 107333677.
2167
Calculate the highest common factor of 644746 and 1324319.
893
What is the greatest common divisor of 82 and 843817146?
82
What is the highest common factor of 420825 and 29322?
543
What is the highest common divisor of 37527608 and 62?
62
Calculate the greatest common divisor of 1782375 and 14406.
147
What is the highest common divisor of 93775 and 6725?
25
What is the highest common factor of 140700 and 147534?
402
What is the greatest common factor of 367526581 and 4417?
631
Calculate the highest common divisor of 15945 and 21384371.
1063
What is the highest common divisor of 314 and 2553004946?
314
What is the greatest common divisor of 311536 and 360?
8
What is the highest common divisor of 7464 and 188003854?
622
Calculate the greatest common factor of 208352430 and 180.
90
Calculate the highest common divisor of 260 and 3251105.
65
What is the greatest common factor of 19343 and 1306073?
841
Calculate the greatest common divisor of 11511132 and 38212.
932
Calculate the highest common factor of 163242074 and 82866.
3946
What is the highest common factor of 100290856 and 506?
46
Calculate the highest common divisor of 78 and 19523946.
78
What is the greatest common divisor of 2165 and 172450910?
2165
Calculate the highest common factor of 27973168 and 4693.
361
Calculate the greatest common factor of 221768 and 488.
8
What is the greatest common divisor of 1221 and 25700163?
111
Calculate the greatest common divisor of 8414574 and 894.
6
Calculate the highest common divisor of 15730 and 289960.
110
What is the highest common factor of 1068 and 13177251?
267
Calculate the highest common factor of 14146811 and 38.
19
What is the greatest common factor of 65156 and 13832?
364
What is the greatest common factor of 12413496 and 48?
24
What is the greatest common divisor of 234 and 4729088?
26
What is the highest common divisor of 84 and 811133148?
84
Calculate the highest common divisor of 682 and 7381472.
62
Calculate the greatest common divisor of 1393 and 231399.
7
What is the highest common factor of 14049 and 892892?
1561
Calculate the greatest common factor of 36 and 73110372.
12
What is the highest common factor of 32 and 1639046512?
16
What is the greatest common divisor of 94155208 and 280?
56
What is the highest common divisor of 74763867 and 795?
159
What is the greatest common factor of 6171 and 11279058?
51
What is the highest common factor of 306351929 and 26?
13
Calculate the greatest common divisor of 650655 and 47538.
171
What is the greatest common factor of 28 and 125827751?
7
What is the highest common factor of 189 and 1617483?
21
What is the highest common factor of 11740 and 193220?
20
What is the highest common factor of 17524 and 5036128?
1348
What is the highest common divisor of 2519 and 1527461144?
2519
What is the highest common divisor of 286524 and 9604?
28
Calculate the greatest common factor of 18527801 and 124.
31
Calculate the greatest common factor of 26696664 and 3.
3
What is the highest common factor 